322900.
2, 5, 43, 61703
List the prime factors of 164839322.
2, 82419661
What are the prime factors of 237086510?
2, 5, 2473, 9587
What are the prime factors of 49517141?
17, 73, 39901
List the prime factors of 123041828.
2, 7, 13, 338027
List the prime factors of 84652049.
19, 4455371
List the prime factors of 416079340.
2, 5, 211, 98597
List the prime factors of 137993377.
797, 173141
List the prime factors of 109984165.
5, 37, 433, 1373
List the prime factors of 484095682.
2, 7, 34578263
List the prime factors of 10953869.
73, 150053
What are the prime factors of 318495245?
5, 3541, 17989
List the prime factors of 7195417.
109, 251, 263
List the prime factors of 2074649611.
23, 31, 2909747
List the prime factors of 240829158.
2, 3, 40138193
List the prime factors of 132035829.
3, 1231, 35753
List the prime factors of 47655854.
2, 23827927
List the prime factors of 86351919.
3, 73, 353, 1117
List the prime factors of 2931925716.
2, 3, 61, 359, 3719
List the prime factors of 6919249129.
13, 223, 2386771
List the prime factors of 44696985.
3, 5, 71, 41969
List the prime factors of 21585423.
3, 7195141
List the prime factors of 10941448.
2, 7, 61, 3203
What are the prime factors of 191240106?
2, 3, 17, 1874903
What are the prime factors of 303770706?
2, 3, 23, 89, 24733
What are the prime factors of 1427524574?
2, 7, 101966041
What are the prime factors of 26043362?
2, 13021681
List the prime factors of 1122043711.
109, 10293979
What are the prime factors of 119482684?
2, 29870671
What are the prime factors of 118155320?
2, 5, 2953883
What are the prime factors of 952060757?
59, 367, 43969
List the prime factors of 418185192.
2, 3, 17424383
List the prime factors of 72077908.
2, 7, 2574211
What are the prime factors of 415718530?
2, 5, 211, 197023
What are the prime factors of 29656002?
2, 3, 1399, 3533
List the prime factors of 227880418.
2, 127, 479, 1873
List the prime factors of 33947244.
2, 3, 942979
List the prime factors of 1154200027.
53, 21777359
What are the prime factors of 402769994?
2, 11, 607, 30161
List the prime factors of 4106980.
2, 5, 29, 73, 97
What are the prime factors of 96789909?
3, 32263303
List the prime factors of 4253741.
97, 43853
What are the prime factors of 4428307660?
2, 5, 7, 251, 126019
List the prime factors of 2645137129.
103, 25680943
List the prime factors of 71284060.
2, 5, 17, 209659
List the prime factors of 46482848.
2, 41, 71, 499
List the prime factors of 3499695663.
3, 23, 50720227
What are the prime factors of 1215263683?
17, 71486099
List the prime factors of 42938726.
2, 41, 397, 1319
What are the prime factors of 21240084?
2, 3, 31, 57097
List the prime factors of 745545516.
2, 3, 181, 343253
What are the prime factors of 18172925?
5, 726917
List the prime factors of 719974663.
14557, 49459
List the prime factors of 58954100.
2, 5, 29, 701
What are the prime factors of 564201373?
97, 223, 26083
What are the prime factors of 1752083065?
5, 350416613
List the prime factors of 10089634.
2, 5044817
List the prime factors of 56837591.
59, 963349
List the prime factors of 80407450.
2, 5, 17, 94597
List the prime factors of 32153855.
5, 101, 63671
List the prime factors of 74560218.
2, 3, 19, 29, 1187
What are the prime factors of 2650301625?
3, 5, 7067471
List the prime factors of 506466391.
97, 5221303
What are the prime factors of 68736914?
2, 1321, 26017
List the prime factors of 995934208.
2, 89, 683
What are the prime factors of 1735418001?
3, 2557, 226231
List the prime factors of 632575119.
3, 11, 31, 107, 5779
List the prime factors of 550255926.
2, 3, 11, 2699, 3089
List the prime factors of 1016254163.
29, 47, 745601
What are the prime factors of 5215854752?
2, 162995461
What are the prime factors of 2903640931?
61, 89, 534839
List the prime factors of 189442539.
3, 11, 13, 147197
What are the prime factors of 499659?
3, 151, 1103
What are the prime factors of 333893542?
2, 1103, 151357
List the prime factors of 9132697.
7, 127, 10273
What are the prime factors of 1242697407?
3, 7, 59176067
List the prime factors of 59713567.
59713567
What are the prime factors of 71044831?
11, 13, 496817
List the prime factors of 186969397.
186969397
List the prime factors of 288999773.
73, 1217, 3253
What are the prime factors of 56851810?
2, 5, 59, 167, 577
What are the prime factors of 14935243?
307, 48649
What are the prime factors of 3283486433?
661, 4967453
What are the prime factors of 4111118804?
2, 13, 79059977
What are the prime factors of 704254853?
704254853
What are the prime factors of 1456882343?
7, 3821, 54469
What are the prime factors of 361470985?
5, 97, 745301
List the prime factors of 14637847.
7, 19, 110059
What are the prime factors of 64122474?
2, 3, 13, 53, 15511
List the prime factors of 373379574.
2, 3, 461, 134989
List the prime factors of 36183329.
7, 13, 29, 13711
What are the prime factors of 119374053?
3, 73, 545087
List the prime factors of 2907610086.
2, 3, 947, 511723
What are the prime factors of 83518681?
23, 31, 41, 2857
List the prime factors of 224266752.
2, 3, 16223
List the prime factors of 388469950.
2, 5, 11, 706309
List the prime factors of 36668604.
2, 3, 7, 436531
List the prime factors of 2613997310.
2, 5, 15907, 16433
List the prime factors of 231986474.
2, 115993237
List the prime factors of 2821490702.
2, 1410745351
What are the prime factors of 2943699585?
3, 5, 196246639
What are the prime factors of 3626227853?
3626227853
What are the prime factors of 813516617?
359, 2266063
What are the prime factors of 1873183802?
2, 7, 23, 43, 59, 2293
List the prime factors of 1601809609.
79, 109, 186019
List the prime factors of 91175732.
2, 97, 234989
What are the prime factors of 183276161?
373, 491357
List the prime factors of 24630323.
3643, 6761
List the prime factors of 143207286.
2, 3, 17, 43, 103, 317
What are the prime factors of 19217641?
53, 71, 5107
List the prime factors of 48521959.
29, 1673171
What are the prime factors of 41804246?
2, 11, 479, 3967
What are the prime factors of 37270414?
2, 101, 307, 601
List the prime factors of 6631466.
2, 53, 73, 857
What are the prime factors of 23357834?
2, 23, 507779
What are the prime factors of 136825955?
5, 7, 149, 26237
List the prime factors of 682403502.
2, 3, 11, 331, 31237
What are the prime factors of 1304182651?
139, 9382609
List the prime factors of 32311630.
2, 5, 13, 199, 1249
List the prime factors of 2648524233.
3, 199, 4436389
List the prime factors of 491681545.
5, 31, 661, 4799
List the prime factors of 111014056.
2, 13876757
List the prime factors of 1651854.
2, 3, 275309
List the prime factors of 4274144599.
281, 15210479
What are the prime factors of 6265734854?
2, 109, 1949, 14747
List the prime factors of 399981746.
2, 17, 29, 73, 5557
What are the prime factors of 448850833?
448850833
List the prime factors of 601549367.
19, 37, 269, 3181
List the prime factors of 34117320.
2, 3, 5, 284311
What are the prime factors of 31547796?
2, 3, 7, 375569
List the prime factors of 2684316.
2, 3, 467, 479
List the prime factors of 133107471.
3, 7, 301831
List the prime factors of 17026970.
2, 5, 1702697
What are the prime factors of 745086426?
2, 3, 7, 23, 31, 139, 179
List the prime factors of 59611322.
2, 19, 47, 33377
List the prime factors of 804747582.
2, 3, 83, 409, 439
List the prime factors of 21229349.
41, 73, 173
List the prime factors of 700438365.
3, 5, 11, 1091, 1297
What are the prime factors of 75481921?
17, 491, 9043
List the prime factors of 2056895426.
2, 19, 191, 283397
List the prime factors of 190001222.
2, 5689, 16699
What are the prime factors of 97113381?
3, 32371127
List the prime factors of 2336556368.
2, 146034773
What are the prime factors of 66832689?
3, 7, 11, 289319
What are the prime factors of 78712723?
78712723
What are the prime factors of 228580108?
2, 19, 3007633
List the prime factors of 5764793916.
2, 3, 7, 6961, 9859
What are the prime factors of 708046217?
708046217
List the prime factors of 1009771433.
11, 91797403
What are the prime factors of 26668077?
3, 19, 67, 6983
List the prime factors of 733039898.
2, 17, 67, 83, 3877
List the prime factors of 47607539.
7, 23, 295699
What are the prime factors of 47325702?
2, 3, 1523, 5179
List the prime factors